{"id":20434,"date":"2024-09-14T14:55:56","date_gmt":"2024-09-14T14:55:56","guid":{"rendered":"https:\/\/vibrant-carson.212-227-83-167.plesk.page\/?page_id=20434"},"modified":"2025-04-30T08:54:49","modified_gmt":"2025-04-30T08:54:49","slug":"contacte-xecball","status":"publish","type":"page","link":"https:\/\/www.xecball.es\/index.php\/val\/contacte-xecball\/","title":{"rendered":"Contacte Xecball"},"content":{"rendered":"\t\t<div data-elementor-type=\"wp-page\" data-elementor-id=\"20434\" class=\"elementor elementor-20434\" data-elementor-post-type=\"page\">\n\t\t\t\t\t\t<section class=\"elementor-section elementor-top-section elementor-element elementor-element-7ed12df elementor-section-boxed elementor-section-height-default elementor-section-height-default\" data-id=\"7ed12df\" data-element_type=\"section\">\n\t\t\t\t\t\t<div class=\"elementor-container elementor-column-gap-extended\">\n\t\t\t\t\t<div class=\"elementor-column elementor-col-50 elementor-top-column elementor-element elementor-element-c8aa340\" data-id=\"c8aa340\" data-element_type=\"column\">\n\t\t\t<div class=\"elementor-widget-wrap elementor-element-populated\">\n\t\t\t\t\t\t<div class=\"elementor-element elementor-element-bef7517 elementor-widget elementor-widget-heading\" data-id=\"bef7517\" data-element_type=\"widget\" data-widget_type=\"heading.default\">\n\t\t\t\t<div class=\"elementor-widget-container\">\n\t\t\t<style>\/*! elementor - v3.23.0 - 15-07-2024 *\/\n.elementor-heading-title{padding:0;margin:0;line-height:1}.elementor-widget-heading .elementor-heading-title[class*=elementor-size-]>a{color:inherit;font-size:inherit;line-height:inherit}.elementor-widget-heading .elementor-heading-title.elementor-size-small{font-size:15px}.elementor-widget-heading .elementor-heading-title.elementor-size-medium{font-size:19px}.elementor-widget-heading .elementor-heading-title.elementor-size-large{font-size:29px}.elementor-widget-heading .elementor-heading-title.elementor-size-xl{font-size:39px}.elementor-widget-heading .elementor-heading-title.elementor-size-xxl{font-size:59px}<\/style><h3 class=\"elementor-heading-title elementor-size-default\">Vols informaci\u00f3 per a la teva escola?<\/h3>\t\t<\/div>\n\t\t\t\t<\/div>\n\t\t\t\t<div class=\"elementor-element elementor-element-614944a elementor-widget elementor-widget-heading\" data-id=\"614944a\" data-element_type=\"widget\" data-widget_type=\"heading.default\">\n\t\t\t\t<div class=\"elementor-widget-container\">\n\t\t\t<h5 class=\"elementor-heading-title elementor-size-default\">Direcci\u00f3<\/h5>\t\t<\/div>\n\t\t\t\t<\/div>\n\t\t\t\t<div class=\"elementor-element elementor-element-d0523ab elementor-widget elementor-widget-text-editor\" data-id=\"d0523ab\" data-element_type=\"widget\" data-widget_type=\"text-editor.default\">\n\t\t\t\t<div class=\"elementor-widget-container\">\n\t\t\t<style>\/*! elementor - v3.23.0 - 15-07-2024 *\/\n.elementor-widget-text-editor.elementor-drop-cap-view-stacked .elementor-drop-cap{background-color:#69727d;color:#fff}.elementor-widget-text-editor.elementor-drop-cap-view-framed .elementor-drop-cap{color:#69727d;border:3px solid;background-color:transparent}.elementor-widget-text-editor:not(.elementor-drop-cap-view-default) .elementor-drop-cap{margin-top:8px}.elementor-widget-text-editor:not(.elementor-drop-cap-view-default) .elementor-drop-cap-letter{width:1em;height:1em}.elementor-widget-text-editor .elementor-drop-cap{float:left;text-align:center;line-height:1;font-size:50px}.elementor-widget-text-editor .elementor-drop-cap-letter{display:inline-block}<\/style>\t\t\t\t<p>Club Esportiu Xecball (Val\u00e8ncia)<\/p>\t\t\t\t\t\t<\/div>\n\t\t\t\t<\/div>\n\t\t\t\t<div class=\"elementor-element elementor-element-18d270e elementor-widget elementor-widget-heading\" data-id=\"18d270e\" data-element_type=\"widget\" data-widget_type=\"heading.default\">\n\t\t\t\t<div class=\"elementor-widget-container\">\n\t\t\t<h5 class=\"elementor-heading-title elementor-size-default\">Email<\/h5>\t\t<\/div>\n\t\t\t\t<\/div>\n\t\t\t\t<div class=\"elementor-element elementor-element-97ed7a4    elementor-widget elementor-widget-text-editor\" data-id=\"97ed7a4\" data-element_type=\"widget\" data-widget_type=\"text-editor.default\">\n\t\t\t\t<div class=\"elementor-widget-container\">\n\t\t\t\t\t\t\t<p><span class=\"edublink-p-medium\">info@xecball.com<\/span><\/p>\t\t\t\t\t\t<\/div>\n\t\t\t\t<\/div>\n\t\t\t\t\t<\/div>\n\t\t<\/div>\n\t\t\t\t<div class=\"elementor-column elementor-col-50 elementor-top-column elementor-element elementor-element-88dca94\" data-id=\"88dca94\" data-element_type=\"column\" data-settings=\"{&quot;background_background&quot;:&quot;classic&quot;}\">\n\t\t\t<div class=\"elementor-widget-wrap elementor-element-populated\">\n\t\t\t\t\t\t<div class=\"elementor-element elementor-element-3a53f08 elementor-widget__width-auto elementor-absolute elementor-hidden-tablet elementor-hidden-mobile elementor-widget elementor-widget-edublink-animation\" data-id=\"3a53f08\" data-element_type=\"widget\" data-settings=\"{&quot;_position&quot;:&quot;absolute&quot;}\" data-widget_type=\"edublink-animation.default\">\n\t\t\t\t<div class=\"elementor-widget-container\">\n\t\t\t<div class=\"edublink-animation-widget edublink-animation-display-type-mouse-track edublink-animation-content-type-image edublink-mouse-track-item\"><span data-depth=\"-1.5\"><img decoding=\"async\" src=\"https:\/\/www.xecball.es\/wp-content\/uploads\/2023\/05\/shape-02.png\" alt=\"Hero-Shape-18\"><\/span><\/div>\t\t<\/div>\n\t\t\t\t<\/div>\n\t\t\t\t<div class=\"elementor-element elementor-element-1a61784 elementor-widget__width-auto elementor-absolute elementor-hidden-tablet elementor-hidden-mobile elementor-widget elementor-widget-edublink-animation\" data-id=\"1a61784\" data-element_type=\"widget\" data-settings=\"{&quot;_position&quot;:&quot;absolute&quot;}\" data-widget_type=\"edublink-animation.default\">\n\t\t\t\t<div class=\"elementor-widget-container\">\n\t\t\t<div class=\"edublink-animation-widget edublink-animation-display-type-mouse-track edublink-animation-content-type-image edublink-mouse-track-item\"><span data-depth=\"1.5\"><img decoding=\"async\" src=\"https:\/\/www.xecball.es\/wp-content\/uploads\/2023\/05\/shape-13.png\" alt=\"Hero-Shape-1\"><\/span><\/div>\t\t<\/div>\n\t\t\t\t<\/div>\n\t\t<div class=\"elementor-element elementor-element-5690efc e-con-full e-flex e-con e-child\" data-id=\"5690efc\" data-element_type=\"container\">\n\t\t\t\t<div class=\"elementor-element elementor-element-5a24098 elementor-widget elementor-widget-heading\" data-id=\"5a24098\" data-element_type=\"widget\" data-widget_type=\"heading.default\">\n\t\t\t\t<div class=\"elementor-widget-container\">\n\t\t\t<h5 class=\"elementor-heading-title elementor-size-default\">No dubtis a escriure'ns<\/h5>\t\t<\/div>\n\t\t\t\t<\/div>\n\t\t\t\t<div class=\"elementor-element elementor-element-3e24b46 elementor-widget elementor-widget-text-editor\" data-id=\"3e24b46\" data-element_type=\"widget\" data-widget_type=\"text-editor.default\">\n\t\t\t\t<div class=\"elementor-widget-container\">\n\t\t\t\t\t\t\t<p>Contacta amb nosaltres sense comprom\u00eds.<\/p>\t\t\t\t\t\t<\/div>\n\t\t\t\t<\/div>\n\t\t\t\t<div class=\"elementor-element elementor-element-43b0ae4 elementor-widget elementor-widget-edublink-contact-form-seven\" data-id=\"43b0ae4\" data-element_type=\"widget\" data-widget_type=\"edublink-contact-form-seven.default\">\n\t\t\t\t<div class=\"elementor-widget-container\">\n\t\t\t<div class=\"edublink-contact-form-wrapper\">\n<div class=\"wpcf7 no-js\" id=\"wpcf7-f20558-o1\" lang=\"en-US\" dir=\"ltr\">\n<div class=\"screen-reader-response\"><p role=\"status\" aria-live=\"polite\" aria-atomic=\"true\"><\/p> <ul><\/ul><\/div>\n<form action=\"\/index.php\/wp-json\/wp\/v2\/pages\/20434#wpcf7-f20558-o1\" method=\"post\" class=\"wpcf7-form init\" aria-label=\"Contact form\" novalidate=\"novalidate\" data-status=\"init\">\n<div style=\"display: none;\">\n<input type=\"hidden\" name=\"_wpcf7\" value=\"20558\" \/>\n<input type=\"hidden\" name=\"_wpcf7_version\" value=\"5.9.8\" \/>\n<input type=\"hidden\" name=\"_wpcf7_locale\" value=\"en_US\" \/>\n<input type=\"hidden\" name=\"_wpcf7_unit_tag\" value=\"wpcf7-f20558-o1\" \/>\n<input type=\"hidden\" name=\"_wpcf7_container_post\" value=\"0\" \/>\n<input type=\"hidden\" name=\"_wpcf7_posted_data_hash\" value=\"\" \/>\n<\/div>\n<div class=\"edublink-contact-form-wrapper eb-contact-us-form\">\n\t<div class=\"edublink-contact-form-single-item\">\n\t\t<div class=\"edublink-contact-form-single-item-content\">\n\t\t\t<p><span class=\"wpcf7-form-control-wrap\" data-name=\"your-name\"><input size=\"40\" maxlength=\"400\" class=\"wpcf7-form-control wpcf7-text wpcf7-validates-as-required edublink-contact-form-field\" aria-required=\"true\" aria-invalid=\"false\" placeholder=\"Nom *\" value=\"\" type=\"text\" name=\"your-name\" \/><\/span>\n\t\t\t<\/p>\n\t\t<\/div>\n\t<\/div>\n\t<div class=\"edublink-contact-form-single-item\">\n\t\t<div class=\"edublink-contact-form-single-item-content\">\n\t\t\t<p><span class=\"wpcf7-form-control-wrap\" data-name=\"your-email\"><input size=\"40\" maxlength=\"400\" class=\"wpcf7-form-control wpcf7-email wpcf7-validates-as-required wpcf7-text wpcf7-validates-as-email edublink-contact-form-field\" aria-required=\"true\" aria-invalid=\"false\" placeholder=\"Email *\" value=\"\" type=\"email\" name=\"your-email\" \/><\/span>\n\t\t\t<\/p>\n\t\t<\/div>\n\t<\/div>\n\t<div class=\"edublink-contact-form-single-item\">\n\t\t<div class=\"edublink-contact-form-single-item-content\">\n\t\t\t<p><span class=\"wpcf7-form-control-wrap\" data-name=\"your-subject\"><input size=\"40\" maxlength=\"400\" class=\"wpcf7-form-control wpcf7-text edublink-contact-form-field\" aria-invalid=\"false\" placeholder=\"Assumpte\" value=\"\" type=\"text\" name=\"your-subject\" \/><\/span>\n\t\t\t<\/p>\n\t\t<\/div>\n\t<\/div>\n\t<div class=\"edublink-contact-form-single-item\">\n\t\t<div class=\"edublink-contact-form-single-item-content edublink-contact-form-textarea\">\n\t\t\t<p><span class=\"wpcf7-form-control-wrap\" data-name=\"your-message\"><textarea cols=\"40\" rows=\"4\" maxlength=\"2000\" class=\"wpcf7-form-control wpcf7-textarea wpcf7-validates-as-required edublink-contact-form-textarea edublink-contact-form-field\" aria-required=\"true\" aria-invalid=\"false\" placeholder=\"Missatge *\" name=\"your-message\"><\/textarea><\/span>\n\t\t\t<\/p>\n\t\t<\/div>\n\t<\/div>\n\t<div class=\"edublink-contact-form-single-item eb-contact-button\">\n\t\t<div class=\"eb-contact-button-wrapper\">\n\t\t\t<p><input class=\"wpcf7-form-control wpcf7-submit has-spinner edublink-button-with-icon\" type=\"submit\" value=\"Enviar missatge\" \/>\n\t\t\t<\/p>\n\t\t<\/div>\n\t<\/div>\n<\/div><p style=\"display: none !important;\" class=\"akismet-fields-container\" data-prefix=\"_wpcf7_ak_\"><label>&#916;<textarea name=\"_wpcf7_ak_hp_textarea\" cols=\"45\" rows=\"8\" maxlength=\"100\"><\/textarea><\/label><input type=\"hidden\" id=\"ak_js_1\" name=\"_wpcf7_ak_js\" value=\"243\"\/><script>document.getElementById( \"ak_js_1\" ).setAttribute( \"value\", ( new Date() ).getTime() );<\/script><\/p><div class=\"wpcf7-response-output\" aria-hidden=\"true\"><\/div>\n<\/form>\n<\/div>\n<\/div>\t\t<\/div>\n\t\t\t\t<\/div>\n\t\t\t\t<\/div>\n\t\t\t\t\t<\/div>\n\t\t<\/div>\n\t\t\t\t\t<\/div>\n\t\t<\/section>\n\t\t\t\t<section class=\"elementor-section elementor-top-section elementor-element elementor-element-a7d265d elementor-section-full_width elementor-section-height-default elementor-section-height-default\" data-id=\"a7d265d\" data-element_type=\"section\">\n\t\t\t\t\t\t<div class=\"elementor-container elementor-column-gap-no\">\n\t\t\t\t\t<div class=\"elementor-column elementor-col-100 elementor-top-column elementor-element elementor-element-102888e\" data-id=\"102888e\" data-element_type=\"column\">\n\t\t\t<div class=\"elementor-widget-wrap elementor-element-populated\">\n\t\t\t\t\t\t<div class=\"elementor-element elementor-element-3ac55f1 elementor-widget elementor-widget-google_maps\" data-id=\"3ac55f1\" data-element_type=\"widget\" data-widget_type=\"google_maps.default\">\n\t\t\t\t<div class=\"elementor-widget-container\">\n\t\t\t<style>\/*! elementor - v3.23.0 - 15-07-2024 *\/\n.elementor-widget-google_maps .elementor-widget-container{overflow:hidden}.elementor-widget-google_maps .elementor-custom-embed{line-height:0}.elementor-widget-google_maps iframe{height:300px}<\/style>\t\t<div class=\"elementor-custom-embed\">\n\t\t\t<iframe loading=\"lazy\"\n\t\t\t\t\tsrc=\"https:\/\/maps.google.com\/maps?q=Valencia&#038;t=m&#038;z=10&#038;output=embed&#038;iwloc=near\"\n\t\t\t\t\ttitle=\"Valencia\"\n\t\t\t\t\taria-label=\"Valencia\"\n\t\t\t><\/iframe>\n\t\t<\/div>\n\t\t\t\t<\/div>\n\t\t\t\t<\/div>\n\t\t\t\t\t<\/div>\n\t\t<\/div>\n\t\t\t\t\t<\/div>\n\t\t<\/section>\n\t\t\t\t<\/div>\n\t\t","protected":false},"excerpt":{"rendered":"<p>Vols informaci\u00f3 per a la teva escola? Direcci\u00f3 Club Esportiu Xecball (Val\u00e8ncia) Email info@xecball.com No dubtis a escriure&#8217;ns Contacta amb&#8230;<\/p>\n","protected":false},"author":1,"featured_media":0,"parent":0,"menu_order":0,"comment_status":"closed","ping_status":"closed","template":"","meta":{"inline_featured_image":false,"footnotes":""},"class_list":["post-20434","page","type-page","status-publish","hentry"],"yoast_head":"<!-- This site is optimized with the Yoast SEO plugin v23.4 - https:\/\/yoast.com\/wordpress\/plugins\/seo\/ -->\n<title>Contacte Xecball<\/title>\n<meta name=\"description\" content=\"Contacta&#039;ns per saber m\u00e9s sobre el Xecball, un esport educatiu que combina escacs i diversi\u00f3 per a totes les edats. Estem aqu\u00ed per ajudar-te!\" \/>\n<meta name=\"robots\" content=\"index, follow, max-snippet:-1, max-image-preview:large, max-video-preview:-1\" \/>\n<link rel=\"canonical\" href=\"https:\/\/www.xecball.es\/index.php\/val\/contacte-xecball\/\" \/>\n<meta property=\"og:locale\" content=\"es_ES\" \/>\n<meta property=\"og:type\" content=\"article\" \/>\n<meta property=\"og:title\" content=\"Contacte Xecball\" \/>\n<meta property=\"og:description\" content=\"Contacta&#039;ns per saber m\u00e9s sobre el Xecball, un esport educatiu que combina escacs i diversi\u00f3 per a totes les edats. Estem aqu\u00ed per ajudar-te!\" \/>\n<meta property=\"og:url\" content=\"https:\/\/www.xecball.es\/index.php\/val\/contacte-xecball\/\" \/>\n<meta property=\"og:site_name\" content=\"xecball\" \/>\n<meta property=\"article:modified_time\" content=\"2025-04-30T08:54:49+00:00\" \/>\n<meta property=\"og:image\" content=\"https:\/\/www.xecball.es\/wp-content\/uploads\/2023\/05\/shape-02.png\" \/>\n<meta name=\"twitter:card\" content=\"summary_large_image\" \/>\n<meta name=\"twitter:label1\" content=\"Tiempo de lectura\" \/>\n\t<meta name=\"twitter:data1\" content=\"1 minuto\" \/>\n<script type=\"application\/ld+json\" class=\"yoast-schema-graph\">{\"@context\":\"https:\/\/schema.org\",\"@graph\":[{\"@type\":\"WebPage\",\"@id\":\"https:\/\/www.xecball.es\/index.php\/val\/contacte-xecball\/\",\"url\":\"https:\/\/www.xecball.es\/index.php\/val\/contacte-xecball\/\",\"name\":\"Contacte Xecball\",\"isPartOf\":{\"@id\":\"https:\/\/www.xecball.es\/#website\"},\"primaryImageOfPage\":{\"@id\":\"https:\/\/www.xecball.es\/index.php\/val\/contacte-xecball\/#primaryimage\"},\"image\":{\"@id\":\"https:\/\/www.xecball.es\/index.php\/val\/contacte-xecball\/#primaryimage\"},\"thumbnailUrl\":\"https:\/\/www.xecball.es\/wp-content\/uploads\/2023\/05\/shape-02.png\",\"datePublished\":\"2024-09-14T14:55:56+00:00\",\"dateModified\":\"2025-04-30T08:54:49+00:00\",\"description\":\"Contacta'ns per saber m\u00e9s sobre el Xecball, un esport educatiu que combina escacs i diversi\u00f3 per a totes les edats. Estem aqu\u00ed per ajudar-te!\",\"breadcrumb\":{\"@id\":\"https:\/\/www.xecball.es\/index.php\/val\/contacte-xecball\/#breadcrumb\"},\"inLanguage\":\"es\",\"potentialAction\":[{\"@type\":\"ReadAction\",\"target\":[\"https:\/\/www.xecball.es\/index.php\/val\/contacte-xecball\/\"]}]},{\"@type\":\"ImageObject\",\"inLanguage\":\"es\",\"@id\":\"https:\/\/www.xecball.es\/index.php\/val\/contacte-xecball\/#primaryimage\",\"url\":\"https:\/\/www.xecball.es\/wp-content\/uploads\/2023\/05\/shape-02.png\",\"contentUrl\":\"https:\/\/www.xecball.es\/wp-content\/uploads\/2023\/05\/shape-02.png\",\"width\":159,\"height\":175},{\"@type\":\"BreadcrumbList\",\"@id\":\"https:\/\/www.xecball.es\/index.php\/val\/contacte-xecball\/#breadcrumb\",\"itemListElement\":[{\"@type\":\"ListItem\",\"position\":1,\"name\":\"Portada\",\"item\":\"https:\/\/www.xecball.es\/\"},{\"@type\":\"ListItem\",\"position\":2,\"name\":\"Contacte Xecball\"}]},{\"@type\":\"WebSite\",\"@id\":\"https:\/\/www.xecball.es\/#website\",\"url\":\"https:\/\/www.xecball.es\/\",\"name\":\"xecball\",\"description\":\"Xecball es innovador deporte que combina la estrategia del ajedrez con la actividad f\u00edsica.\",\"publisher\":{\"@id\":\"https:\/\/www.xecball.es\/#organization\"},\"potentialAction\":[{\"@type\":\"SearchAction\",\"target\":{\"@type\":\"EntryPoint\",\"urlTemplate\":\"https:\/\/www.xecball.es\/?s={search_term_string}\"},\"query-input\":{\"@type\":\"PropertyValueSpecification\",\"valueRequired\":true,\"valueName\":\"search_term_string\"}}],\"inLanguage\":\"es\"},{\"@type\":\"Organization\",\"@id\":\"https:\/\/www.xecball.es\/#organization\",\"name\":\"xecball\",\"url\":\"https:\/\/www.xecball.es\/\",\"logo\":{\"@type\":\"ImageObject\",\"inLanguage\":\"es\",\"@id\":\"https:\/\/www.xecball.es\/#\/schema\/logo\/image\/\",\"url\":\"https:\/\/www.xecball.es\/wp-content\/uploads\/2024\/07\/cropped-Logotipo-Xecball.png\",\"contentUrl\":\"https:\/\/www.xecball.es\/wp-content\/uploads\/2024\/07\/cropped-Logotipo-Xecball.png\",\"width\":92,\"height\":80,\"caption\":\"xecball\"},\"image\":{\"@id\":\"https:\/\/www.xecball.es\/#\/schema\/logo\/image\/\"}}]}<\/script>\n<!-- \/ Yoast SEO plugin. -->","yoast_head_json":{"title":"Contacte Xecball","description":"Contacta'ns per saber m\u00e9s sobre el Xecball, un esport educatiu que combina escacs i diversi\u00f3 per a totes les edats. Estem aqu\u00ed per ajudar-te!","robots":{"index":"index","follow":"follow","max-snippet":"max-snippet:-1","max-image-preview":"max-image-preview:large","max-video-preview":"max-video-preview:-1"},"canonical":"https:\/\/www.xecball.es\/index.php\/val\/contacte-xecball\/","og_locale":"es_ES","og_type":"article","og_title":"Contacte Xecball","og_description":"Contacta'ns per saber m\u00e9s sobre el Xecball, un esport educatiu que combina escacs i diversi\u00f3 per a totes les edats. Estem aqu\u00ed per ajudar-te!","og_url":"https:\/\/www.xecball.es\/index.php\/val\/contacte-xecball\/","og_site_name":"xecball","article_modified_time":"2025-04-30T08:54:49+00:00","og_image":[{"url":"https:\/\/www.xecball.es\/wp-content\/uploads\/2023\/05\/shape-02.png"}],"twitter_card":"summary_large_image","twitter_misc":{"Tiempo de lectura":"1 minuto"},"schema":{"@context":"https:\/\/schema.org","@graph":[{"@type":"WebPage","@id":"https:\/\/www.xecball.es\/index.php\/val\/contacte-xecball\/","url":"https:\/\/www.xecball.es\/index.php\/val\/contacte-xecball\/","name":"Contacte Xecball","isPartOf":{"@id":"https:\/\/www.xecball.es\/#website"},"primaryImageOfPage":{"@id":"https:\/\/www.xecball.es\/index.php\/val\/contacte-xecball\/#primaryimage"},"image":{"@id":"https:\/\/www.xecball.es\/index.php\/val\/contacte-xecball\/#primaryimage"},"thumbnailUrl":"https:\/\/www.xecball.es\/wp-content\/uploads\/2023\/05\/shape-02.png","datePublished":"2024-09-14T14:55:56+00:00","dateModified":"2025-04-30T08:54:49+00:00","description":"Contacta'ns per saber m\u00e9s sobre el Xecball, un esport educatiu que combina escacs i diversi\u00f3 per a totes les edats. Estem aqu\u00ed per ajudar-te!","breadcrumb":{"@id":"https:\/\/www.xecball.es\/index.php\/val\/contacte-xecball\/#breadcrumb"},"inLanguage":"es","potentialAction":[{"@type":"ReadAction","target":["https:\/\/www.xecball.es\/index.php\/val\/contacte-xecball\/"]}]},{"@type":"ImageObject","inLanguage":"es","@id":"https:\/\/www.xecball.es\/index.php\/val\/contacte-xecball\/#primaryimage","url":"https:\/\/www.xecball.es\/wp-content\/uploads\/2023\/05\/shape-02.png","contentUrl":"https:\/\/www.xecball.es\/wp-content\/uploads\/2023\/05\/shape-02.png","width":159,"height":175},{"@type":"BreadcrumbList","@id":"https:\/\/www.xecball.es\/index.php\/val\/contacte-xecball\/#breadcrumb","itemListElement":[{"@type":"ListItem","position":1,"name":"Portada","item":"https:\/\/www.xecball.es\/"},{"@type":"ListItem","position":2,"name":"Contacte Xecball"}]},{"@type":"WebSite","@id":"https:\/\/www.xecball.es\/#website","url":"https:\/\/www.xecball.es\/","name":"xecball","description":"Xecball es innovador deporte que combina la estrategia del ajedrez con la actividad f\u00edsica.","publisher":{"@id":"https:\/\/www.xecball.es\/#organization"},"potentialAction":[{"@type":"SearchAction","target":{"@type":"EntryPoint","urlTemplate":"https:\/\/www.xecball.es\/?s={search_term_string}"},"query-input":{"@type":"PropertyValueSpecification","valueRequired":true,"valueName":"search_term_string"}}],"inLanguage":"es"},{"@type":"Organization","@id":"https:\/\/www.xecball.es\/#organization","name":"xecball","url":"https:\/\/www.xecball.es\/","logo":{"@type":"ImageObject","inLanguage":"es","@id":"https:\/\/www.xecball.es\/#\/schema\/logo\/image\/","url":"https:\/\/www.xecball.es\/wp-content\/uploads\/2024\/07\/cropped-Logotipo-Xecball.png","contentUrl":"https:\/\/www.xecball.es\/wp-content\/uploads\/2024\/07\/cropped-Logotipo-Xecball.png","width":92,"height":80,"caption":"xecball"},"image":{"@id":"https:\/\/www.xecball.es\/#\/schema\/logo\/image\/"}}]}},"_links":{"self":[{"href":"https:\/\/www.xecball.es\/index.php\/wp-json\/wp\/v2\/pages\/20434","targetHints":{"allow":["GET"]}}],"collection":[{"href":"https:\/\/www.xecball.es\/index.php\/wp-json\/wp\/v2\/pages"}],"about":[{"href":"https:\/\/www.xecball.es\/index.php\/wp-json\/wp\/v2\/types\/page"}],"author":[{"embeddable":true,"href":"https:\/\/www.xecball.es\/index.php\/wp-json\/wp\/v2\/users\/1"}],"replies":[{"embeddable":true,"href":"https:\/\/www.xecball.es\/index.php\/wp-json\/wp\/v2\/comments?post=20434"}],"version-history":[{"count":16,"href":"https:\/\/www.xecball.es\/index.php\/wp-json\/wp\/v2\/pages\/20434\/revisions"}],"predecessor-version":[{"id":21040,"href":"https:\/\/www.xecball.es\/index.php\/wp-json\/wp\/v2\/pages\/20434\/revisions\/21040"}],"wp:attachment":[{"href":"https:\/\/www.xecball.es\/index.php\/wp-json\/wp\/v2\/media?parent=20434"}],"curies":[{"name":"wp","href":"https:\/\/api.w.org\/{rel}","templated":true}]}}