{"id":20523,"date":"2024-09-15T14:44:54","date_gmt":"2024-09-15T14:44:54","guid":{"rendered":"https:\/\/vibrant-carson.212-227-83-167.plesk.page\/?page_id=20523"},"modified":"2024-10-17T19:36:03","modified_gmt":"2024-10-17T19:36:03","slug":"historia-xecball-vlc","status":"publish","type":"page","link":"https:\/\/www.xecball.es\/index.php\/val\/historia-xecball-vlc\/","title":{"rendered":"Hist\u00f2ria"},"content":{"rendered":"\t\t<div data-elementor-type=\"wp-page\" data-elementor-id=\"20523\" class=\"elementor elementor-20523\" data-elementor-post-type=\"page\">\n\t\t\t\t\t\t<section class=\"elementor-section elementor-top-section elementor-element elementor-element-48276ec elementor-section-boxed elementor-section-height-default elementor-section-height-default\" data-id=\"48276ec\" data-element_type=\"section\">\n\t\t\t\t\t\t<div class=\"elementor-container elementor-column-gap-extended\">\n\t\t\t\t\t<div class=\"elementor-column elementor-col-50 elementor-top-column elementor-element elementor-element-e49df19\" data-id=\"e49df19\" data-element_type=\"column\">\n\t\t\t<div class=\"elementor-widget-wrap elementor-element-populated\">\n\t\t\t\t\t\t<div class=\"elementor-element elementor-element-4d4c71c elementor-invisible elementor-widget elementor-widget-edublink-heading\" data-id=\"4d4c71c\" data-element_type=\"widget\" data-settings=\"{&quot;_animation&quot;:&quot;edublink--slide-up&quot;,&quot;_animation_delay&quot;:150}\" data-widget_type=\"edublink-heading.default\">\n\t\t\t\t<div class=\"elementor-widget-container\">\n\t\t\t<div class=\"edublink-section-heading\"><span class=\"pre-heading\">Hist\u00f2ria del xecball<\/span><h3 class=\"heading\">El naixement del Xecball<\/h3><div class=\"sub-heading\"><p>El Xecball va n\u00e9ixer de la necessitat de fusionar els escacs amb l'activitat f\u00edsica de manera innovadora. L'any 2000, es va introduir als continguts de les Escoles Esportives Municipals (EEDDMM) d'Escacs de Val\u00e8ncia, Espanya. Nom\u00e9s tres anys despr\u00e9s, el curs \"Educaci\u00f3 F\u00edsica i Escacs: una proposta motriu\" es va impartir al Centre de Formaci\u00f3, Innovaci\u00f3 i Recursos Educatius (CEFIRE) de la Generalitat Valenciana, acompanyat per un llibre que es va presentar en diverses jornades, cursos i congressos.<\/p><\/div><\/div>\t\t<\/div>\n\t\t\t\t<\/div>\n\t\t\t\t<div class=\"elementor-element elementor-element-37b2d49 elementor-invisible elementor-widget elementor-widget-edublink-heading\" data-id=\"37b2d49\" data-element_type=\"widget\" data-settings=\"{&quot;_animation&quot;:&quot;edublink--slide-up&quot;,&quot;_animation_delay&quot;:150}\" data-widget_type=\"edublink-heading.default\">\n\t\t\t\t<div class=\"elementor-widget-container\">\n\t\t\t<div class=\"edublink-section-heading\"><h3 class=\"heading\">Expansi\u00f3 i reconeixement<\/h3><div class=\"sub-heading\"><p>El 2008, es va publicar Xecball: els nou escacs motrius, consolidant encara m\u00e9s aquest innovador esport. El Xecball es va integrar al m\u00f2dul de did\u00e0ctica dels escacs dels cursos per a monitors i entrenadors de la Federaci\u00f3 d'Escacs de la Comunitat Valenciana (FACV).<\/p><\/div><\/div>\t\t<\/div>\n\t\t\t\t<\/div>\n\t\t\t\t\t<\/div>\n\t\t<\/div>\n\t\t\t\t<div class=\"elementor-column elementor-col-50 elementor-top-column elementor-element elementor-element-a827d25\" data-id=\"a827d25\" data-element_type=\"column\">\n\t\t\t<div class=\"elementor-widget-wrap elementor-element-populated\">\n\t\t\t\t\t\t<div class=\"elementor-element elementor-element-5403673 elementor-widget__width-auto elementor-absolute elementor-hidden-tablet elementor-hidden-mobile elementor-invisible elementor-widget elementor-widget-edublink-animation\" data-id=\"5403673\" data-element_type=\"widget\" data-settings=\"{&quot;_position&quot;:&quot;absolute&quot;,&quot;_animation&quot;:&quot;fadeIn&quot;,&quot;_animation_delay&quot;:500}\" data-widget_type=\"edublink-animation.default\">\n\t\t\t\t<div class=\"elementor-widget-container\">\n\t\t\t<div class=\"edublink-animation-widget edublink-animation-display-type-infinite-animation edublink-animation-content-type-image\"><img decoding=\"async\" src=\"https:\/\/www.xecball.es\/wp-content\/uploads\/elementor\/thumbs\/Pelota-1-qr2hkklblxgqrw2ptfynnews5g1b6jms6b3a6dssmg.png\" alt=\"Pelota 1\"><\/div>\t\t<\/div>\n\t\t\t\t<\/div>\n\t\t\t\t<div class=\"elementor-element elementor-element-7b43470 elementor-widget__width-auto elementor-absolute elementor-hidden-mobile elementor-widget elementor-widget-edublink-animation\" data-id=\"7b43470\" data-element_type=\"widget\" data-settings=\"{&quot;_position&quot;:&quot;absolute&quot;}\" data-widget_type=\"edublink-animation.default\">\n\t\t\t\t<div class=\"elementor-widget-container\">\n\t\t\t<div class=\"edublink-animation-widget edublink-animation-display-type-parallax edublink-animation-content-type-image edublink-parallax-item\" data-parallax=\"{&quot;x&quot;: 0, &quot;y&quot;: -60, &quot;rotateX&quot;: 0, &quot;rotateY&quot;: 0, &quot;rotateZ&quot;: 0, &quot;scale&quot;: 1}\"><img decoding=\"async\" src=\"https:\/\/www.xecball.es\/wp-content\/uploads\/2024\/07\/Jugando-xecball-1.png\" alt=\"Jugando xecball 1\"><\/div>\t\t<\/div>\n\t\t\t\t<\/div>\n\t\t\t\t<div class=\"elementor-element elementor-element-ce6ffb6 elementor-invisible elementor-widget elementor-widget-image\" data-id=\"ce6ffb6\" data-element_type=\"widget\" data-settings=\"{&quot;_animation&quot;:&quot;edublink--slide-left&quot;,&quot;_animation_delay&quot;:150}\" data-widget_type=\"image.default\">\n\t\t\t\t<div class=\"elementor-widget-container\">\n\t\t\t<style>\/*! elementor - v3.23.0 - 15-07-2024 *\/\n.elementor-widget-image{text-align:center}.elementor-widget-image a{display:inline-block}.elementor-widget-image a img[src$=\".svg\"]{width:48px}.elementor-widget-image img{vertical-align:middle;display:inline-block}<\/style>\t\t\t\t\t\t\t\t\t\t<img fetchpriority=\"high\" decoding=\"async\" width=\"370\" height=\"470\" src=\"https:\/\/www.xecball.es\/wp-content\/uploads\/2024\/07\/Jugando-xecball-2.png\" class=\"attachment-full size-full wp-image-19958\" alt=\"Ni\u00f1os practicando xecball\" srcset=\"https:\/\/www.xecball.es\/wp-content\/uploads\/2024\/07\/Jugando-xecball-2.png 370w, https:\/\/www.xecball.es\/wp-content\/uploads\/2024\/07\/Jugando-xecball-2-236x300.png 236w\" sizes=\"(max-width: 370px) 100vw, 370px\" \/>\t\t\t\t\t\t\t\t\t\t\t\t\t<\/div>\n\t\t\t\t<\/div>\n\t\t\t\t<div class=\"elementor-element elementor-element-00c6f45 elementor-widget__width-auto elementor-absolute elementor-hidden-tablet elementor-hidden-mobile elementor-invisible elementor-widget elementor-widget-image\" data-id=\"00c6f45\" data-element_type=\"widget\" data-settings=\"{&quot;_position&quot;:&quot;absolute&quot;,&quot;_animation&quot;:&quot;fadeIn&quot;,&quot;_animation_delay&quot;:500}\" data-widget_type=\"image.default\">\n\t\t\t\t<div class=\"elementor-widget-container\">\n\t\t\t\t\t\t\t\t\t\t\t\t\t<img decoding=\"async\" width=\"53\" height=\"120\" src=\"https:\/\/www.xecball.es\/wp-content\/uploads\/2024\/07\/Dama.png\" class=\"attachment-full size-full wp-image-20106\" alt=\"\" \/>\t\t\t\t\t\t\t\t\t\t\t\t\t<\/div>\n\t\t\t\t<\/div>\n\t\t\t\t\t<\/div>\n\t\t<\/div>\n\t\t\t\t\t<\/div>\n\t\t<\/section>\n\t\t\t\t<section class=\"elementor-section elementor-top-section elementor-element elementor-element-7e896d3 elementor-section-boxed elementor-section-height-default elementor-section-height-default\" data-id=\"7e896d3\" data-element_type=\"section\">\n\t\t\t\t\t\t<div class=\"elementor-container elementor-column-gap-extended\">\n\t\t\t\t\t<div class=\"elementor-column elementor-col-50 elementor-top-column elementor-element elementor-element-f413d51\" data-id=\"f413d51\" data-element_type=\"column\">\n\t\t\t<div class=\"elementor-widget-wrap elementor-element-populated\">\n\t\t\t\t\t\t<div class=\"elementor-element elementor-element-2451624 elementor-widget__width-initial elementor-invisible elementor-widget elementor-widget-image\" data-id=\"2451624\" data-element_type=\"widget\" data-settings=\"{&quot;_animation&quot;:&quot;edublink--slide-left&quot;,&quot;_animation_delay&quot;:150}\" data-widget_type=\"image.default\">\n\t\t\t\t<div class=\"elementor-widget-container\">\n\t\t\t\t\t\t\t\t\t\t\t\t\t<img fetchpriority=\"high\" decoding=\"async\" width=\"370\" height=\"470\" src=\"https:\/\/www.xecball.es\/wp-content\/uploads\/2024\/07\/Jugando-xecball-2.png\" class=\"attachment-full size-full wp-image-19958\" alt=\"Ni\u00f1os practicando xecball\" srcset=\"https:\/\/www.xecball.es\/wp-content\/uploads\/2024\/07\/Jugando-xecball-2.png 370w, https:\/\/www.xecball.es\/wp-content\/uploads\/2024\/07\/Jugando-xecball-2-236x300.png 236w\" sizes=\"(max-width: 370px) 100vw, 370px\" \/>\t\t\t\t\t\t\t\t\t\t\t\t\t<\/div>\n\t\t\t\t<\/div>\n\t\t\t\t\t<\/div>\n\t\t<\/div>\n\t\t\t\t<div class=\"elementor-column elementor-col-50 elementor-top-column elementor-element elementor-element-88aa6d2\" data-id=\"88aa6d2\" data-element_type=\"column\">\n\t\t\t<div class=\"elementor-widget-wrap elementor-element-populated\">\n\t\t\t\t\t\t<div class=\"elementor-element elementor-element-beb1a29 elementor-invisible elementor-widget elementor-widget-edublink-heading\" data-id=\"beb1a29\" data-element_type=\"widget\" data-settings=\"{&quot;_animation&quot;:&quot;edublink--slide-up&quot;,&quot;_animation_delay&quot;:150}\" data-widget_type=\"edublink-heading.default\">\n\t\t\t\t<div class=\"elementor-widget-container\">\n\t\t\t<div class=\"edublink-section-heading\"><h3 class=\"heading\">Incorporaci\u00f3 al curr\u00edculum educatiu<\/h3><div class=\"sub-heading\"><p>El Xecball no nom\u00e9s ha guanyat popularitat, sin\u00f3 que s'ha incorporat oficialment al curr\u00edculum d'Educaci\u00f3 F\u00edsica a la Comunitat Valenciana, segons el Decret 108\/2014, de 4 de juliol. A m\u00e9s, la resoluci\u00f3 de 18 de juliol de 2018 del Director General de l'Esport de la Conselleria d'Educaci\u00f3, Investigaci\u00f3, Cultura i Esport, va permetre la seva inclusi\u00f3 com a especialitat esportiva dels escacs, integrant-se als estatuts de la Federaci\u00f3 d'Escacs de la Comunitat Valenciana.<\/p><\/div><\/div>\t\t<\/div>\n\t\t\t\t<\/div>\n\t\t\t\t<div class=\"elementor-element elementor-element-c04a4fe elementor-invisible elementor-widget elementor-widget-edublink-heading\" data-id=\"c04a4fe\" data-element_type=\"widget\" data-settings=\"{&quot;_animation&quot;:&quot;edublink--slide-up&quot;,&quot;_animation_delay&quot;:150}\" data-widget_type=\"edublink-heading.default\">\n\t\t\t\t<div class=\"elementor-widget-container\">\n\t\t\t<div class=\"edublink-section-heading\"><h3 class=\"heading\">Un futur brillant per al Xecball<\/h3><div class=\"sub-heading\"><p>El creixement del Xecball ha estat imparable, i encara que les jornades i congressos inicials es puguin haver esva\u00eft amb el temps, aquest esport segueix guanyant adeptes. Amb aquesta nova web, volem apropar-nos als nostres companys d'educaci\u00f3 f\u00edsica ia tots els interessats en aquesta innovaci\u00f3 educativa, compartint sempre el millor de nosaltres, una filosofia que ha guiat la nostra feina durant tots aquests anys.<\/p><\/div><\/div>\t\t<\/div>\n\t\t\t\t<\/div>\n\t\t\t\t\t<\/div>\n\t\t<\/div>\n\t\t\t\t\t<\/div>\n\t\t<\/section>\n\t\t\t\t<section class=\"elementor-section elementor-top-section elementor-element elementor-element-94ebc2f elementor-section-boxed elementor-section-height-default elementor-section-height-default\" data-id=\"94ebc2f\" data-element_type=\"section\" data-settings=\"{&quot;background_background&quot;:&quot;classic&quot;}\">\n\t\t\t\t\t\t\t<div class=\"elementor-background-overlay\"><\/div>\n\t\t\t\t\t\t\t<div class=\"elementor-container elementor-column-gap-extended\">\n\t\t\t\t\t<div class=\"elementor-column elementor-col-100 elementor-top-column elementor-element elementor-element-749d4d7 elementor-invisible\" data-id=\"749d4d7\" data-element_type=\"column\" data-settings=\"{&quot;animation&quot;:&quot;edublink--slide-up&quot;,&quot;animation_delay&quot;:150}\">\n\t\t\t<div class=\"elementor-widget-wrap elementor-element-populated\">\n\t\t\t\t\t\t<div class=\"elementor-element elementor-element-b569f5a elementor-widget__width-auto elementor-absolute elementor-hidden-tablet elementor-hidden-mobile elementor-invisible elementor-widget elementor-widget-edublink-animation\" data-id=\"b569f5a\" data-element_type=\"widget\" data-settings=\"{&quot;_position&quot;:&quot;absolute&quot;,&quot;_animation&quot;:&quot;fadeIn&quot;}\" data-widget_type=\"edublink-animation.default\">\n\t\t\t\t<div class=\"elementor-widget-container\">\n\t\t\t<div class=\"edublink-animation-widget edublink-animation-display-type-mouse-track edublink-animation-content-type-image edublink-mouse-track-item\"><span data-depth=\"2.5\"><img decoding=\"async\" src=\"https:\/\/www.xecball.es\/wp-content\/uploads\/2023\/05\/shape-10.png\" alt=\"shape-10\"><\/span><\/div>\t\t<\/div>\n\t\t\t\t<\/div>\n\t\t\t\t<div class=\"elementor-element elementor-element-9dd1c67 elementor-widget__width-auto elementor-absolute elementor-hidden-tablet elementor-hidden-mobile elementor-widget elementor-widget-edublink-animation\" data-id=\"9dd1c67\" data-element_type=\"widget\" data-settings=\"{&quot;_position&quot;:&quot;absolute&quot;}\" data-widget_type=\"edublink-animation.default\">\n\t\t\t\t<div class=\"elementor-widget-container\">\n\t\t\t<div class=\"edublink-animation-widget edublink-animation-display-type-mouse-track edublink-animation-content-type-image edublink-mouse-track-item\"><span data-depth=\"-2\"><img decoding=\"async\" src=\"https:\/\/www.xecball.es\/wp-content\/uploads\/2023\/05\/shape-02.png\" alt=\"Hero-Shape-18\"><\/span><\/div>\t\t<\/div>\n\t\t\t\t<\/div>\n\t\t\t\t<div class=\"elementor-element elementor-element-4e419ec elementor-widget__width-auto elementor-absolute elementor-hidden-tablet elementor-hidden-mobile elementor-widget elementor-widget-edublink-animation\" data-id=\"4e419ec\" data-element_type=\"widget\" data-settings=\"{&quot;_position&quot;:&quot;absolute&quot;}\" data-widget_type=\"edublink-animation.default\">\n\t\t\t\t<div class=\"elementor-widget-container\">\n\t\t\t<div class=\"edublink-animation-widget edublink-animation-display-type-mouse-track edublink-animation-content-type-image edublink-mouse-track-item\"><span data-depth=\"2\"><img decoding=\"async\" src=\"https:\/\/www.xecball.es\/wp-content\/uploads\/2023\/05\/shape-13.png\" alt=\"Hero-Shape-1\"><\/span><\/div>\t\t<\/div>\n\t\t\t\t<\/div>\n\t\t\t\t<div class=\"elementor-element elementor-element-8a5ee2b edublink-br-tl-none elementor-widget elementor-widget-heading\" data-id=\"8a5ee2b\" data-element_type=\"widget\" data-widget_type=\"heading.default\">\n\t\t\t\t<div class=\"elementor-widget-container\">\n\t\t\t<style>\/*! elementor - v3.23.0 - 15-07-2024 *\/\n.elementor-heading-title{padding:0;margin:0;line-height:1}.elementor-widget-heading .elementor-heading-title[class*=elementor-size-]>a{color:inherit;font-size:inherit;line-height:inherit}.elementor-widget-heading .elementor-heading-title.elementor-size-small{font-size:15px}.elementor-widget-heading .elementor-heading-title.elementor-size-medium{font-size:19px}.elementor-widget-heading .elementor-heading-title.elementor-size-large{font-size:29px}.elementor-widget-heading .elementor-heading-title.elementor-size-xl{font-size:39px}.elementor-widget-heading .elementor-heading-title.elementor-size-xxl{font-size:59px}<\/style><h2 class=\"elementor-heading-title elementor-size-default\">Uneix-te a la revoluci\u00f3 del <span class=\"edublink-color-secondary\">Xecball!<\/span> <\/h2>\t\t<\/div>\n\t\t\t\t<\/div>\n\t\t\t\t<div class=\"elementor-element elementor-element-701177b elementor-widget__width-initial elementor-widget elementor-widget-text-editor\" data-id=\"701177b\" data-element_type=\"widget\" data-widget_type=\"text-editor.default\">\n\t\t\t\t<div class=\"elementor-widget-container\">\n\t\t\t<style>\/*! elementor - v3.23.0 - 15-07-2024 *\/\n.elementor-widget-text-editor.elementor-drop-cap-view-stacked .elementor-drop-cap{background-color:#69727d;color:#fff}.elementor-widget-text-editor.elementor-drop-cap-view-framed .elementor-drop-cap{color:#69727d;border:3px solid;background-color:transparent}.elementor-widget-text-editor:not(.elementor-drop-cap-view-default) .elementor-drop-cap{margin-top:8px}.elementor-widget-text-editor:not(.elementor-drop-cap-view-default) .elementor-drop-cap-letter{width:1em;height:1em}.elementor-widget-text-editor .elementor-drop-cap{float:left;text-align:center;line-height:1;font-size:50px}.elementor-widget-text-editor .elementor-drop-cap-letter{display:inline-block}<\/style>\t\t\t\t<p>Descobreix com aquest esport pot transformar l&#8217;educaci\u00f3 f\u00edsica i els escacs a la teva escola.<\/p>\t\t\t\t\t\t<\/div>\n\t\t\t\t<\/div>\n\t\t\t\t\t<\/div>\n\t\t<\/div>\n\t\t\t\t\t<\/div>\n\t\t<\/section>\n\t\t\t\t<\/div>\n\t\t","protected":false},"excerpt":{"rendered":"<p>Hist\u00f2ria del xecball El naixement del Xecball El Xecball va n\u00e9ixer de la necessitat de fusionar els escacs amb l&#8217;activitat&#8230;<\/p>\n","protected":false},"author":1,"featured_media":0,"parent":0,"menu_order":0,"comment_status":"closed","ping_status":"closed","template":"","meta":{"inline_featured_image":false,"footnotes":""},"class_list":["post-20523","page","type-page","status-publish","hentry"],"yoast_head":"<!-- This site is optimized with the Yoast SEO plugin v23.4 - https:\/\/yoast.com\/wordpress\/plugins\/seo\/ -->\n<title>Hist\u00f2ria - xecball<\/title>\n<meta name=\"description\" content=\"Coneix la hist\u00f2ria de Xecball, un esport \u00fanic que combina escacs i activitat f\u00edsica. Un recorregut des dels seus or\u00edgens fins avui.\" \/>\n<meta name=\"robots\" content=\"index, follow, max-snippet:-1, max-image-preview:large, max-video-preview:-1\" \/>\n<link rel=\"canonical\" href=\"https:\/\/www.xecball.es\/index.php\/val\/historia-xecball-vlc\/\" \/>\n<meta property=\"og:locale\" content=\"es_ES\" \/>\n<meta property=\"og:type\" content=\"article\" \/>\n<meta property=\"og:title\" content=\"Hist\u00f2ria - xecball\" \/>\n<meta property=\"og:description\" content=\"Coneix la hist\u00f2ria de Xecball, un esport \u00fanic que combina escacs i activitat f\u00edsica. Un recorregut des dels seus or\u00edgens fins avui.\" \/>\n<meta property=\"og:url\" content=\"https:\/\/www.xecball.es\/index.php\/val\/historia-xecball-vlc\/\" \/>\n<meta property=\"og:site_name\" content=\"xecball\" \/>\n<meta property=\"article:modified_time\" content=\"2024-10-17T19:36:03+00:00\" \/>\n<meta property=\"og:image\" content=\"https:\/\/www.xecball.es\/wp-content\/uploads\/elementor\/thumbs\/Pelota-1-qr2hkklblxgqrw2ptfynnews5g1b6jms6b3a6dssmg.png\" \/>\n<meta name=\"twitter:card\" content=\"summary_large_image\" \/>\n<meta name=\"twitter:label1\" content=\"Tiempo de lectura\" \/>\n\t<meta name=\"twitter:data1\" content=\"3 minutos\" \/>\n<script type=\"application\/ld+json\" class=\"yoast-schema-graph\">{\"@context\":\"https:\/\/schema.org\",\"@graph\":[{\"@type\":\"WebPage\",\"@id\":\"https:\/\/www.xecball.es\/index.php\/val\/historia-xecball-vlc\/\",\"url\":\"https:\/\/www.xecball.es\/index.php\/val\/historia-xecball-vlc\/\",\"name\":\"Hist\u00f2ria - xecball\",\"isPartOf\":{\"@id\":\"https:\/\/www.xecball.es\/#website\"},\"primaryImageOfPage\":{\"@id\":\"https:\/\/www.xecball.es\/index.php\/val\/historia-xecball-vlc\/#primaryimage\"},\"image\":{\"@id\":\"https:\/\/www.xecball.es\/index.php\/val\/historia-xecball-vlc\/#primaryimage\"},\"thumbnailUrl\":\"https:\/\/www.xecball.es\/wp-content\/uploads\/elementor\/thumbs\/Pelota-1-qr2hkklblxgqrw2ptfynnews5g1b6jms6b3a6dssmg.png\",\"datePublished\":\"2024-09-15T14:44:54+00:00\",\"dateModified\":\"2024-10-17T19:36:03+00:00\",\"description\":\"Coneix la hist\u00f2ria de Xecball, un esport \u00fanic que combina escacs i activitat f\u00edsica. Un recorregut des dels seus or\u00edgens fins avui.\",\"breadcrumb\":{\"@id\":\"https:\/\/www.xecball.es\/index.php\/val\/historia-xecball-vlc\/#breadcrumb\"},\"inLanguage\":\"es\",\"potentialAction\":[{\"@type\":\"ReadAction\",\"target\":[\"https:\/\/www.xecball.es\/index.php\/val\/historia-xecball-vlc\/\"]}]},{\"@type\":\"ImageObject\",\"inLanguage\":\"es\",\"@id\":\"https:\/\/www.xecball.es\/index.php\/val\/historia-xecball-vlc\/#primaryimage\",\"url\":\"https:\/\/www.xecball.es\/wp-content\/uploads\/elementor\/thumbs\/Pelota-1-qr2hkklblxgqrw2ptfynnews5g1b6jms6b3a6dssmg.png\",\"contentUrl\":\"https:\/\/www.xecball.es\/wp-content\/uploads\/elementor\/thumbs\/Pelota-1-qr2hkklblxgqrw2ptfynnews5g1b6jms6b3a6dssmg.png\"},{\"@type\":\"BreadcrumbList\",\"@id\":\"https:\/\/www.xecball.es\/index.php\/val\/historia-xecball-vlc\/#breadcrumb\",\"itemListElement\":[{\"@type\":\"ListItem\",\"position\":1,\"name\":\"Portada\",\"item\":\"https:\/\/www.xecball.es\/\"},{\"@type\":\"ListItem\",\"position\":2,\"name\":\"Hist\u00f2ria\"}]},{\"@type\":\"WebSite\",\"@id\":\"https:\/\/www.xecball.es\/#website\",\"url\":\"https:\/\/www.xecball.es\/\",\"name\":\"xecball\",\"description\":\"Xecball es innovador deporte que combina la estrategia del ajedrez con la actividad f\u00edsica.\",\"publisher\":{\"@id\":\"https:\/\/www.xecball.es\/#organization\"},\"potentialAction\":[{\"@type\":\"SearchAction\",\"target\":{\"@type\":\"EntryPoint\",\"urlTemplate\":\"https:\/\/www.xecball.es\/?s={search_term_string}\"},\"query-input\":{\"@type\":\"PropertyValueSpecification\",\"valueRequired\":true,\"valueName\":\"search_term_string\"}}],\"inLanguage\":\"es\"},{\"@type\":\"Organization\",\"@id\":\"https:\/\/www.xecball.es\/#organization\",\"name\":\"xecball\",\"url\":\"https:\/\/www.xecball.es\/\",\"logo\":{\"@type\":\"ImageObject\",\"inLanguage\":\"es\",\"@id\":\"https:\/\/www.xecball.es\/#\/schema\/logo\/image\/\",\"url\":\"https:\/\/www.xecball.es\/wp-content\/uploads\/2024\/07\/cropped-Logotipo-Xecball.png\",\"contentUrl\":\"https:\/\/www.xecball.es\/wp-content\/uploads\/2024\/07\/cropped-Logotipo-Xecball.png\",\"width\":92,\"height\":80,\"caption\":\"xecball\"},\"image\":{\"@id\":\"https:\/\/www.xecball.es\/#\/schema\/logo\/image\/\"}}]}<\/script>\n<!-- \/ Yoast SEO plugin. -->","yoast_head_json":{"title":"Hist\u00f2ria - xecball","description":"Coneix la hist\u00f2ria de Xecball, un esport \u00fanic que combina escacs i activitat f\u00edsica. Un recorregut des dels seus or\u00edgens fins avui.","robots":{"index":"index","follow":"follow","max-snippet":"max-snippet:-1","max-image-preview":"max-image-preview:large","max-video-preview":"max-video-preview:-1"},"canonical":"https:\/\/www.xecball.es\/index.php\/val\/historia-xecball-vlc\/","og_locale":"es_ES","og_type":"article","og_title":"Hist\u00f2ria - xecball","og_description":"Coneix la hist\u00f2ria de Xecball, un esport \u00fanic que combina escacs i activitat f\u00edsica. Un recorregut des dels seus or\u00edgens fins avui.","og_url":"https:\/\/www.xecball.es\/index.php\/val\/historia-xecball-vlc\/","og_site_name":"xecball","article_modified_time":"2024-10-17T19:36:03+00:00","og_image":[{"url":"https:\/\/www.xecball.es\/wp-content\/uploads\/elementor\/thumbs\/Pelota-1-qr2hkklblxgqrw2ptfynnews5g1b6jms6b3a6dssmg.png"}],"twitter_card":"summary_large_image","twitter_misc":{"Tiempo de lectura":"3 minutos"},"schema":{"@context":"https:\/\/schema.org","@graph":[{"@type":"WebPage","@id":"https:\/\/www.xecball.es\/index.php\/val\/historia-xecball-vlc\/","url":"https:\/\/www.xecball.es\/index.php\/val\/historia-xecball-vlc\/","name":"Hist\u00f2ria - xecball","isPartOf":{"@id":"https:\/\/www.xecball.es\/#website"},"primaryImageOfPage":{"@id":"https:\/\/www.xecball.es\/index.php\/val\/historia-xecball-vlc\/#primaryimage"},"image":{"@id":"https:\/\/www.xecball.es\/index.php\/val\/historia-xecball-vlc\/#primaryimage"},"thumbnailUrl":"https:\/\/www.xecball.es\/wp-content\/uploads\/elementor\/thumbs\/Pelota-1-qr2hkklblxgqrw2ptfynnews5g1b6jms6b3a6dssmg.png","datePublished":"2024-09-15T14:44:54+00:00","dateModified":"2024-10-17T19:36:03+00:00","description":"Coneix la hist\u00f2ria de Xecball, un esport \u00fanic que combina escacs i activitat f\u00edsica. Un recorregut des dels seus or\u00edgens fins avui.","breadcrumb":{"@id":"https:\/\/www.xecball.es\/index.php\/val\/historia-xecball-vlc\/#breadcrumb"},"inLanguage":"es","potentialAction":[{"@type":"ReadAction","target":["https:\/\/www.xecball.es\/index.php\/val\/historia-xecball-vlc\/"]}]},{"@type":"ImageObject","inLanguage":"es","@id":"https:\/\/www.xecball.es\/index.php\/val\/historia-xecball-vlc\/#primaryimage","url":"https:\/\/www.xecball.es\/wp-content\/uploads\/elementor\/thumbs\/Pelota-1-qr2hkklblxgqrw2ptfynnews5g1b6jms6b3a6dssmg.png","contentUrl":"https:\/\/www.xecball.es\/wp-content\/uploads\/elementor\/thumbs\/Pelota-1-qr2hkklblxgqrw2ptfynnews5g1b6jms6b3a6dssmg.png"},{"@type":"BreadcrumbList","@id":"https:\/\/www.xecball.es\/index.php\/val\/historia-xecball-vlc\/#breadcrumb","itemListElement":[{"@type":"ListItem","position":1,"name":"Portada","item":"https:\/\/www.xecball.es\/"},{"@type":"ListItem","position":2,"name":"Hist\u00f2ria"}]},{"@type":"WebSite","@id":"https:\/\/www.xecball.es\/#website","url":"https:\/\/www.xecball.es\/","name":"xecball","description":"Xecball es innovador deporte que combina la estrategia del ajedrez con la actividad f\u00edsica.","publisher":{"@id":"https:\/\/www.xecball.es\/#organization"},"potentialAction":[{"@type":"SearchAction","target":{"@type":"EntryPoint","urlTemplate":"https:\/\/www.xecball.es\/?s={search_term_string}"},"query-input":{"@type":"PropertyValueSpecification","valueRequired":true,"valueName":"search_term_string"}}],"inLanguage":"es"},{"@type":"Organization","@id":"https:\/\/www.xecball.es\/#organization","name":"xecball","url":"https:\/\/www.xecball.es\/","logo":{"@type":"ImageObject","inLanguage":"es","@id":"https:\/\/www.xecball.es\/#\/schema\/logo\/image\/","url":"https:\/\/www.xecball.es\/wp-content\/uploads\/2024\/07\/cropped-Logotipo-Xecball.png","contentUrl":"https:\/\/www.xecball.es\/wp-content\/uploads\/2024\/07\/cropped-Logotipo-Xecball.png","width":92,"height":80,"caption":"xecball"},"image":{"@id":"https:\/\/www.xecball.es\/#\/schema\/logo\/image\/"}}]}},"_links":{"self":[{"href":"https:\/\/www.xecball.es\/index.php\/wp-json\/wp\/v2\/pages\/20523","targetHints":{"allow":["GET"]}}],"collection":[{"href":"https:\/\/www.xecball.es\/index.php\/wp-json\/wp\/v2\/pages"}],"about":[{"href":"https:\/\/www.xecball.es\/index.php\/wp-json\/wp\/v2\/types\/page"}],"author":[{"embeddable":true,"href":"https:\/\/www.xecball.es\/index.php\/wp-json\/wp\/v2\/users\/1"}],"replies":[{"embeddable":true,"href":"https:\/\/www.xecball.es\/index.php\/wp-json\/wp\/v2\/comments?post=20523"}],"version-history":[{"count":19,"href":"https:\/\/www.xecball.es\/index.php\/wp-json\/wp\/v2\/pages\/20523\/revisions"}],"predecessor-version":[{"id":20797,"href":"https:\/\/www.xecball.es\/index.php\/wp-json\/wp\/v2\/pages\/20523\/revisions\/20797"}],"wp:attachment":[{"href":"https:\/\/www.xecball.es\/index.php\/wp-json\/wp\/v2\/media?parent=20523"}],"curies":[{"name":"wp","href":"https:\/\/api.w.org\/{rel}","templated":true}]}}