{"id":20672,"date":"2024-10-16T20:02:22","date_gmt":"2024-10-16T20:02:22","guid":{"rendered":"https:\/\/vibrant-carson.212-227-83-167.plesk.page\/?page_id=20672"},"modified":"2024-10-17T19:38:32","modified_gmt":"2024-10-17T19:38:32","slug":"llibres-xecball","status":"publish","type":"page","link":"https:\/\/www.xecball.es\/index.php\/val\/llibres-xecball\/","title":{"rendered":"Llibres"},"content":{"rendered":"\t\t<div data-elementor-type=\"wp-page\" data-elementor-id=\"20672\" class=\"elementor elementor-20672\" data-elementor-post-type=\"page\">\n\t\t\t\t<div class=\"elementor-element elementor-element-f025ab0 e-flex e-con-boxed e-con e-parent\" data-id=\"f025ab0\" data-element_type=\"container\">\n\t\t\t\t\t<div class=\"e-con-inner\">\n\t\t<div class=\"elementor-element elementor-element-854c86a e-con-full e-flex e-con e-child\" data-id=\"854c86a\" data-element_type=\"container\">\n\t\t<div class=\"elementor-element elementor-element-8380b4e e-con-full e-flex e-con e-child\" data-id=\"8380b4e\" data-element_type=\"container\">\n\t\t\t\t<div class=\"elementor-element elementor-element-d74879f elementor-widget elementor-widget-image\" data-id=\"d74879f\" data-element_type=\"widget\" data-widget_type=\"image.default\">\n\t\t\t\t<div class=\"elementor-widget-container\">\n\t\t\t<style>\/*! elementor - v3.23.0 - 15-07-2024 *\/\n.elementor-widget-image{text-align:center}.elementor-widget-image a{display:inline-block}.elementor-widget-image a img[src$=\".svg\"]{width:48px}.elementor-widget-image img{vertical-align:middle;display:inline-block}<\/style>\t\t\t\t\t\t\t\t\t\t<img fetchpriority=\"high\" decoding=\"async\" width=\"449\" height=\"640\" src=\"https:\/\/www.xecball.es\/wp-content\/uploads\/2024\/10\/Ajedrez-y-motricidad.jpg\" class=\"attachment-large size-large wp-image-20644\" alt=\"\" srcset=\"https:\/\/www.xecball.es\/wp-content\/uploads\/2024\/10\/Ajedrez-y-motricidad.jpg 449w, https:\/\/www.xecball.es\/wp-content\/uploads\/2024\/10\/Ajedrez-y-motricidad-210x300.jpg 210w\" sizes=\"(max-width: 449px) 100vw, 449px\" \/>\t\t\t\t\t\t\t\t\t\t\t\t\t<\/div>\n\t\t\t\t<\/div>\n\t\t\t\t<\/div>\n\t\t<div class=\"elementor-element elementor-element-b8a8b31 e-con-full e-flex e-con e-child\" data-id=\"b8a8b31\" data-element_type=\"container\">\n\t\t\t\t<div class=\"elementor-element elementor-element-0d97dc0 elementor-widget elementor-widget-heading\" data-id=\"0d97dc0\" data-element_type=\"widget\" data-widget_type=\"heading.default\">\n\t\t\t\t<div class=\"elementor-widget-container\">\n\t\t\t<style>\/*! elementor - v3.23.0 - 15-07-2024 *\/\n.elementor-heading-title{padding:0;margin:0;line-height:1}.elementor-widget-heading .elementor-heading-title[class*=elementor-size-]>a{color:inherit;font-size:inherit;line-height:inherit}.elementor-widget-heading .elementor-heading-title.elementor-size-small{font-size:15px}.elementor-widget-heading .elementor-heading-title.elementor-size-medium{font-size:19px}.elementor-widget-heading .elementor-heading-title.elementor-size-large{font-size:29px}.elementor-widget-heading .elementor-heading-title.elementor-size-xl{font-size:39px}.elementor-widget-heading .elementor-heading-title.elementor-size-xxl{font-size:59px}<\/style><h4 class=\"elementor-heading-title elementor-size-default\">L'ESCACS I LA MOTRICITAT<\/h4>\t\t<\/div>\n\t\t\t\t<\/div>\n\t\t\t\t<\/div>\n\t\t<div class=\"elementor-element elementor-element-56369cd e-con-full e-flex e-con e-child\" data-id=\"56369cd\" data-element_type=\"container\">\n\t\t\t\t<div class=\"elementor-element elementor-element-6043d4f elementor-widget elementor-widget-text-editor\" data-id=\"6043d4f\" data-element_type=\"widget\" data-widget_type=\"text-editor.default\">\n\t\t\t\t<div class=\"elementor-widget-container\">\n\t\t\t<style>\/*! elementor - v3.23.0 - 15-07-2024 *\/\n.elementor-widget-text-editor.elementor-drop-cap-view-stacked .elementor-drop-cap{background-color:#69727d;color:#fff}.elementor-widget-text-editor.elementor-drop-cap-view-framed .elementor-drop-cap{color:#69727d;border:3px solid;background-color:transparent}.elementor-widget-text-editor:not(.elementor-drop-cap-view-default) .elementor-drop-cap{margin-top:8px}.elementor-widget-text-editor:not(.elementor-drop-cap-view-default) .elementor-drop-cap-letter{width:1em;height:1em}.elementor-widget-text-editor .elementor-drop-cap{float:left;text-align:center;line-height:1;font-size:50px}.elementor-widget-text-editor .elementor-drop-cap-letter{display:inline-block}<\/style>\t\t\t\t<p><strong>Els escacs i la motricitat<\/strong> \u00e9s un llibre que explora les relacions dels escacs amb l&#8217;univers motriu, oferint com a alternativa de l&#8217;ensenyament-aprenentatge d&#8217;aquest esport la utilitzaci\u00f3 de recursos, activitats i jocs desenvolupats en un context l\u00fadic, f\u00edsic i din\u00e0mic, generalment la assignatura deducaci\u00f3 f\u00edsica.<\/p>\t\t\t\t\t\t<\/div>\n\t\t\t\t<\/div>\n\t\t<div class=\"elementor-element elementor-element-18d080d e-grid e-con-full e-con e-child\" data-id=\"18d080d\" data-element_type=\"container\">\n\t\t\t\t<div class=\"elementor-element elementor-element-74c5079 elementor-widget elementor-widget-html\" data-id=\"74c5079\" data-element_type=\"widget\" data-widget_type=\"html.default\">\n\t\t\t\t<div class=\"elementor-widget-container\">\n\t\t\t<!-- Bot\u00f3n o enlace para abrir la modal -->\r\n<a id=\"openModalPDF\" href=\"javascript:void(0);\">Veure mostra<\/a>\r\n\r\n<!-- Modal -->\r\n<div id=\"pdfModal\" class=\"pdf-modal\" style=\"display:none;\">\r\n  <div class=\"pdf-modal-content\">\r\n    <span class=\"close-modal\">&times;<\/span>\r\n    <iframe id=\"pdfViewer\" src=\"\" width=\"100%\" height=\"720px\" frameborder=\"0\"><\/iframe>\r\n  <\/div>\r\n<\/div>\r\n\r\n<style>\r\n  \/* Estilos para la Modal *\/\r\n  .pdf-modal {\r\n    display: none;\r\n    position: fixed;\r\n    z-index: 1000;\r\n    left: 0;\r\n    top: 0;\r\n    width: 100%;\r\n    height: 100%;\r\n    background-color: rgba(0,0,0,0.5);\r\n    justify-content: center;\r\n    align-items: center;\r\n  }\r\n\r\n  .pdf-modal-content {\r\n    background-color: #fff;\r\n    padding: 20px;\r\n    border-radius: 10px;\r\n    width: 80%;\r\n    max-width: 800px;\r\n    position: relative;\r\n  }\r\n\r\n  .close-modal {\r\n    position: absolute;\r\n    top: 10px;\r\n    right: 20px;\r\n    font-size: 30px;\r\n    cursor: pointer;\r\n  }\r\n<\/style>\r\n\r\n<script>\r\n  document.addEventListener('DOMContentLoaded', function () {\r\n    var modal = document.getElementById('pdfModal');\r\n    var btn = document.getElementById('openModalPDF');\r\n    var span = document.getElementsByClassName('close-modal')[0];\r\n    var pdfViewer = document.getElementById('pdfViewer');\r\n\r\n    \/\/ Abrir la modal al hacer clic en el bot\u00f3n\r\n    btn.onclick = function() {\r\n      modal.style.display = 'flex';  \/\/ Cambiamos display de 'none' a 'flex'\r\n      \/\/ Cargar el PDF en el visor (reemplaza la URL con la de tu PDF)\r\n      pdfViewer.src = 'https:\/\/www.xecball.es\/wp-content\/uploads\/2024\/10\/El-ajedrez-y-la-motricidad-muestra.pdf';\r\n    };\r\n\r\n    \/\/ Cerrar la modal al hacer clic en la \"x\"\r\n    span.onclick = function() {\r\n      modal.style.display = 'none';\r\n      pdfViewer.src = '';  \/\/ Vaciar el iframe al cerrar la modal\r\n    };\r\n\r\n    \/\/ Cerrar la modal si el usuario hace clic fuera del contenido\r\n    window.onclick = function(event) {\r\n      if (event.target == modal) {\r\n        modal.style.display = 'none';\r\n        pdfViewer.src = '';\r\n      }\r\n    };\r\n  });\r\n<\/script>\r\n\t\t<\/div>\n\t\t\t\t<\/div>\n\t\t\t\t<div class=\"elementor-element elementor-element-5dad725 elementor-widget elementor-widget-edublink-button\" data-id=\"5dad725\" data-element_type=\"widget\" data-widget_type=\"edublink-button.default\">\n\t\t\t\t<div class=\"elementor-widget-container\">\n\t\t\t<div class=\"edublink-button-widget-wrapper\"><a class=\"edublink-button-item edublink-button-style-default edublink-button-size-medium edublink-button-icon-position-after default-style\" href=\"https:\/\/www.balagium.com\/es\/producto\/xecball-deportivo-reglamento-copia\/\" target=\"_blank\">Comprar llibre<i class=\"edublink icon-3\"><\/i><\/a><\/div>\t\t<\/div>\n\t\t\t\t<\/div>\n\t\t\t\t<\/div>\n\t\t\t\t<\/div>\n\t\t\t\t<\/div>\n\t\t<div class=\"elementor-element elementor-element-b489650 e-con-full e-flex e-con e-child\" data-id=\"b489650\" data-element_type=\"container\">\n\t\t<div class=\"elementor-element elementor-element-e3514cd e-con-full e-flex e-con e-child\" data-id=\"e3514cd\" data-element_type=\"container\">\n\t\t<div class=\"elementor-element elementor-element-81ae0a3 e-con-full e-flex e-con e-child\" data-id=\"81ae0a3\" data-element_type=\"container\">\n\t\t\t\t<div class=\"elementor-element elementor-element-9fb5d48 elementor-widget elementor-widget-image\" data-id=\"9fb5d48\" data-element_type=\"widget\" data-widget_type=\"image.default\">\n\t\t\t\t<div class=\"elementor-widget-container\">\n\t\t\t\t\t\t\t\t\t\t\t\t\t<img decoding=\"async\" width=\"454\" height=\"640\" src=\"https:\/\/www.xecball.es\/wp-content\/uploads\/2024\/10\/Reglamento-Xecball.jpg\" class=\"attachment-large size-large wp-image-20653\" alt=\"\" srcset=\"https:\/\/www.xecball.es\/wp-content\/uploads\/2024\/10\/Reglamento-Xecball.jpg 454w, https:\/\/www.xecball.es\/wp-content\/uploads\/2024\/10\/Reglamento-Xecball-213x300.jpg 213w\" sizes=\"(max-width: 454px) 100vw, 454px\" \/>\t\t\t\t\t\t\t\t\t\t\t\t\t<\/div>\n\t\t\t\t<\/div>\n\t\t\t\t<\/div>\n\t\t<div class=\"elementor-element elementor-element-2f60217 e-con-full e-flex e-con e-child\" data-id=\"2f60217\" data-element_type=\"container\">\n\t\t\t\t<div class=\"elementor-element elementor-element-4a7dddf elementor-widget elementor-widget-heading\" data-id=\"4a7dddf\" data-element_type=\"widget\" data-widget_type=\"heading.default\">\n\t\t\t\t<div class=\"elementor-widget-container\">\n\t\t\t<h4 class=\"elementor-heading-title elementor-size-default\">XECBALL ESPORTIU. REGLAMENT<\/h4>\t\t<\/div>\n\t\t\t\t<\/div>\n\t\t\t\t<\/div>\n\t\t<div class=\"elementor-element elementor-element-a72a678 e-con-full e-flex e-con e-child\" data-id=\"a72a678\" data-element_type=\"container\">\n\t\t\t\t<div class=\"elementor-element elementor-element-75c4653 elementor-widget elementor-widget-text-editor\" data-id=\"75c4653\" data-element_type=\"widget\" data-widget_type=\"text-editor.default\">\n\t\t\t\t<div class=\"elementor-widget-container\">\n\t\t\t\t\t\t\t<p>Joc esportiu basat en els escacs on competeixen dos equips mixtos i l&#8217;objectiu \u00e9s colpejar amb la pilota el jugador o jugadora que exerceix de rei per obtenir un punt o escac.<\/p><p>\u00a0<\/p>\t\t\t\t\t\t<\/div>\n\t\t\t\t<\/div>\n\t\t<div class=\"elementor-element elementor-element-a29e90e e-grid e-con-full e-con e-child\" data-id=\"a29e90e\" data-element_type=\"container\">\n\t\t\t\t<div class=\"elementor-element elementor-element-086a4bb elementor-widget elementor-widget-html\" data-id=\"086a4bb\" data-element_type=\"widget\" data-widget_type=\"html.default\">\n\t\t\t\t<div class=\"elementor-widget-container\">\n\t\t\t<!-- Bot\u00f3n o enlace para abrir la modal -->\r\n<a id=\"openModalPDF\" href=\"javascript:void(0);\">Veure mostra<\/a>\r\n\r\n<!-- Modal -->\r\n<div id=\"pdfModal\" class=\"pdf-modal\" style=\"display:none;\">\r\n  <div class=\"pdf-modal-content\">\r\n    <span class=\"close-modal\">&times;<\/span>\r\n    <iframe id=\"pdfViewer\" src=\"\" width=\"100%\" height=\"720px\" frameborder=\"0\"><\/iframe>\r\n  <\/div>\r\n<\/div>\r\n\r\n<style>\r\n  \/* Estilos para la Modal *\/\r\n  .pdf-modal {\r\n    display: none;\r\n    position: fixed;\r\n    z-index: 1000;\r\n    left: 0;\r\n    top: 0;\r\n    width: 100%;\r\n    height: 100%;\r\n    background-color: rgba(0,0,0,0.5);\r\n    justify-content: center;\r\n    align-items: center;\r\n  }\r\n\r\n  .pdf-modal-content {\r\n    background-color: #fff;\r\n    padding: 20px;\r\n    border-radius: 10px;\r\n    width: 80%;\r\n    max-width: 800px;\r\n    position: relative;\r\n  }\r\n\r\n  .close-modal {\r\n    position: absolute;\r\n    top: 10px;\r\n    right: 20px;\r\n    font-size: 30px;\r\n    cursor: pointer;\r\n  }\r\n<\/style>\r\n\r\n<script>\r\n  document.addEventListener('DOMContentLoaded', function () {\r\n    var modal = document.getElementById('pdfModal');\r\n    var btn = document.getElementById('openModalPDF');\r\n    var span = document.getElementsByClassName('close-modal')[0];\r\n    var pdfViewer = document.getElementById('pdfViewer');\r\n\r\n    \/\/ Abrir la modal al hacer clic en el bot\u00f3n\r\n    btn.onclick = function() {\r\n      modal.style.display = 'flex';  \/\/ Cambiamos display de 'none' a 'flex'\r\n      \/\/ Cargar el PDF en el visor (reemplaza la URL con la de tu PDF)\r\n      pdfViewer.src = 'https:\/\/www.xecball.es\/wp-content\/uploads\/2024\/10\/Reglamento-Xecball-muestra.pdf';\r\n    };\r\n\r\n    \/\/ Cerrar la modal al hacer clic en la \"x\"\r\n    span.onclick = function() {\r\n      modal.style.display = 'none';\r\n      pdfViewer.src = '';  \/\/ Vaciar el iframe al cerrar la modal\r\n    };\r\n\r\n    \/\/ Cerrar la modal si el usuario hace clic fuera del contenido\r\n    window.onclick = function(event) {\r\n      if (event.target == modal) {\r\n        modal.style.display = 'none';\r\n        pdfViewer.src = '';\r\n      }\r\n    };\r\n  });\r\n<\/script>\r\n\t\t<\/div>\n\t\t\t\t<\/div>\n\t\t\t\t<div class=\"elementor-element elementor-element-b316a03 elementor-widget elementor-widget-edublink-button\" data-id=\"b316a03\" data-element_type=\"widget\" data-widget_type=\"edublink-button.default\">\n\t\t\t\t<div class=\"elementor-widget-container\">\n\t\t\t<div class=\"edublink-button-widget-wrapper\"><a class=\"edublink-button-item edublink-button-style-default edublink-button-size-medium edublink-button-icon-position-after default-style\" href=\"https:\/\/www.balagium.com\/producte\/xecball-deportivo-reglamento\/\" target=\"_blank\">Comprar llibre<i class=\"edublink icon-3\"><\/i><\/a><\/div>\t\t<\/div>\n\t\t\t\t<\/div>\n\t\t\t\t<\/div>\n\t\t\t\t<\/div>\n\t\t\t\t<\/div>\n\t\t\t\t<\/div>\n\t\t\t\t\t<\/div>\n\t\t\t\t<\/div>\n\t\t\t\t<\/div>\n\t\t","protected":false},"excerpt":{"rendered":"<p>L&#8217;ESCACS I LA MOTRICITAT Els escacs i la motricitat \u00e9s un llibre que explora les relacions dels escacs amb l&#8217;univers&#8230;<\/p>\n","protected":false},"author":1,"featured_media":0,"parent":0,"menu_order":0,"comment_status":"closed","ping_status":"closed","template":"","meta":{"inline_featured_image":false,"footnotes":""},"class_list":["post-20672","page","type-page","status-publish","hentry"],"yoast_head":"<!-- This site is optimized with the Yoast SEO plugin v23.4 - https:\/\/yoast.com\/wordpress\/plugins\/seo\/ -->\n<title>Llibres - xecball<\/title>\n<meta name=\"description\" content=\"Explora els nostres llibres sobre Xecball: una fusi\u00f3 d&#039;escacs i esport que educa i entretingui jugadors de totes les edats.\" \/>\n<meta name=\"robots\" content=\"index, follow, max-snippet:-1, max-image-preview:large, max-video-preview:-1\" \/>\n<link rel=\"canonical\" href=\"https:\/\/www.xecball.es\/index.php\/val\/llibres-xecball\/\" \/>\n<meta property=\"og:locale\" content=\"es_ES\" \/>\n<meta property=\"og:type\" content=\"article\" \/>\n<meta property=\"og:title\" content=\"Llibres - xecball\" \/>\n<meta property=\"og:description\" content=\"Explora els nostres llibres sobre Xecball: una fusi\u00f3 d&#039;escacs i esport que educa i entretingui jugadors de totes les edats.\" \/>\n<meta property=\"og:url\" content=\"https:\/\/www.xecball.es\/index.php\/val\/llibres-xecball\/\" \/>\n<meta property=\"og:site_name\" content=\"xecball\" \/>\n<meta property=\"article:modified_time\" content=\"2024-10-17T19:38:32+00:00\" \/>\n<meta property=\"og:image\" content=\"https:\/\/www.xecball.es\/wp-content\/uploads\/2024\/10\/Ajedrez-y-motricidad.jpg\" \/>\n<meta name=\"twitter:card\" content=\"summary_large_image\" \/>\n<meta name=\"twitter:label1\" content=\"Tiempo de lectura\" \/>\n\t<meta name=\"twitter:data1\" content=\"1 minuto\" \/>\n<script type=\"application\/ld+json\" class=\"yoast-schema-graph\">{\"@context\":\"https:\/\/schema.org\",\"@graph\":[{\"@type\":\"WebPage\",\"@id\":\"https:\/\/www.xecball.es\/index.php\/val\/llibres-xecball\/\",\"url\":\"https:\/\/www.xecball.es\/index.php\/val\/llibres-xecball\/\",\"name\":\"Llibres - xecball\",\"isPartOf\":{\"@id\":\"https:\/\/www.xecball.es\/#website\"},\"primaryImageOfPage\":{\"@id\":\"https:\/\/www.xecball.es\/index.php\/val\/llibres-xecball\/#primaryimage\"},\"image\":{\"@id\":\"https:\/\/www.xecball.es\/index.php\/val\/llibres-xecball\/#primaryimage\"},\"thumbnailUrl\":\"https:\/\/www.xecball.es\/wp-content\/uploads\/2024\/10\/Ajedrez-y-motricidad.jpg\",\"datePublished\":\"2024-10-16T20:02:22+00:00\",\"dateModified\":\"2024-10-17T19:38:32+00:00\",\"description\":\"Explora els nostres llibres sobre Xecball: una fusi\u00f3 d'escacs i esport que educa i entretingui jugadors de totes les edats.\",\"breadcrumb\":{\"@id\":\"https:\/\/www.xecball.es\/index.php\/val\/llibres-xecball\/#breadcrumb\"},\"inLanguage\":\"es\",\"potentialAction\":[{\"@type\":\"ReadAction\",\"target\":[\"https:\/\/www.xecball.es\/index.php\/val\/llibres-xecball\/\"]}]},{\"@type\":\"ImageObject\",\"inLanguage\":\"es\",\"@id\":\"https:\/\/www.xecball.es\/index.php\/val\/llibres-xecball\/#primaryimage\",\"url\":\"https:\/\/www.xecball.es\/wp-content\/uploads\/2024\/10\/Ajedrez-y-motricidad.jpg\",\"contentUrl\":\"https:\/\/www.xecball.es\/wp-content\/uploads\/2024\/10\/Ajedrez-y-motricidad.jpg\",\"width\":449,\"height\":640},{\"@type\":\"BreadcrumbList\",\"@id\":\"https:\/\/www.xecball.es\/index.php\/val\/llibres-xecball\/#breadcrumb\",\"itemListElement\":[{\"@type\":\"ListItem\",\"position\":1,\"name\":\"Portada\",\"item\":\"https:\/\/www.xecball.es\/\"},{\"@type\":\"ListItem\",\"position\":2,\"name\":\"Llibres\"}]},{\"@type\":\"WebSite\",\"@id\":\"https:\/\/www.xecball.es\/#website\",\"url\":\"https:\/\/www.xecball.es\/\",\"name\":\"xecball\",\"description\":\"Xecball es innovador deporte que combina la estrategia del ajedrez con la actividad f\u00edsica.\",\"publisher\":{\"@id\":\"https:\/\/www.xecball.es\/#organization\"},\"potentialAction\":[{\"@type\":\"SearchAction\",\"target\":{\"@type\":\"EntryPoint\",\"urlTemplate\":\"https:\/\/www.xecball.es\/?s={search_term_string}\"},\"query-input\":{\"@type\":\"PropertyValueSpecification\",\"valueRequired\":true,\"valueName\":\"search_term_string\"}}],\"inLanguage\":\"es\"},{\"@type\":\"Organization\",\"@id\":\"https:\/\/www.xecball.es\/#organization\",\"name\":\"xecball\",\"url\":\"https:\/\/www.xecball.es\/\",\"logo\":{\"@type\":\"ImageObject\",\"inLanguage\":\"es\",\"@id\":\"https:\/\/www.xecball.es\/#\/schema\/logo\/image\/\",\"url\":\"https:\/\/www.xecball.es\/wp-content\/uploads\/2024\/07\/cropped-Logotipo-Xecball.png\",\"contentUrl\":\"https:\/\/www.xecball.es\/wp-content\/uploads\/2024\/07\/cropped-Logotipo-Xecball.png\",\"width\":92,\"height\":80,\"caption\":\"xecball\"},\"image\":{\"@id\":\"https:\/\/www.xecball.es\/#\/schema\/logo\/image\/\"}}]}<\/script>\n<!-- \/ Yoast SEO plugin. -->","yoast_head_json":{"title":"Llibres - xecball","description":"Explora els nostres llibres sobre Xecball: una fusi\u00f3 d'escacs i esport que educa i entretingui jugadors de totes les edats.","robots":{"index":"index","follow":"follow","max-snippet":"max-snippet:-1","max-image-preview":"max-image-preview:large","max-video-preview":"max-video-preview:-1"},"canonical":"https:\/\/www.xecball.es\/index.php\/val\/llibres-xecball\/","og_locale":"es_ES","og_type":"article","og_title":"Llibres - xecball","og_description":"Explora els nostres llibres sobre Xecball: una fusi\u00f3 d'escacs i esport que educa i entretingui jugadors de totes les edats.","og_url":"https:\/\/www.xecball.es\/index.php\/val\/llibres-xecball\/","og_site_name":"xecball","article_modified_time":"2024-10-17T19:38:32+00:00","og_image":[{"url":"https:\/\/www.xecball.es\/wp-content\/uploads\/2024\/10\/Ajedrez-y-motricidad.jpg"}],"twitter_card":"summary_large_image","twitter_misc":{"Tiempo de lectura":"1 minuto"},"schema":{"@context":"https:\/\/schema.org","@graph":[{"@type":"WebPage","@id":"https:\/\/www.xecball.es\/index.php\/val\/llibres-xecball\/","url":"https:\/\/www.xecball.es\/index.php\/val\/llibres-xecball\/","name":"Llibres - xecball","isPartOf":{"@id":"https:\/\/www.xecball.es\/#website"},"primaryImageOfPage":{"@id":"https:\/\/www.xecball.es\/index.php\/val\/llibres-xecball\/#primaryimage"},"image":{"@id":"https:\/\/www.xecball.es\/index.php\/val\/llibres-xecball\/#primaryimage"},"thumbnailUrl":"https:\/\/www.xecball.es\/wp-content\/uploads\/2024\/10\/Ajedrez-y-motricidad.jpg","datePublished":"2024-10-16T20:02:22+00:00","dateModified":"2024-10-17T19:38:32+00:00","description":"Explora els nostres llibres sobre Xecball: una fusi\u00f3 d'escacs i esport que educa i entretingui jugadors de totes les edats.","breadcrumb":{"@id":"https:\/\/www.xecball.es\/index.php\/val\/llibres-xecball\/#breadcrumb"},"inLanguage":"es","potentialAction":[{"@type":"ReadAction","target":["https:\/\/www.xecball.es\/index.php\/val\/llibres-xecball\/"]}]},{"@type":"ImageObject","inLanguage":"es","@id":"https:\/\/www.xecball.es\/index.php\/val\/llibres-xecball\/#primaryimage","url":"https:\/\/www.xecball.es\/wp-content\/uploads\/2024\/10\/Ajedrez-y-motricidad.jpg","contentUrl":"https:\/\/www.xecball.es\/wp-content\/uploads\/2024\/10\/Ajedrez-y-motricidad.jpg","width":449,"height":640},{"@type":"BreadcrumbList","@id":"https:\/\/www.xecball.es\/index.php\/val\/llibres-xecball\/#breadcrumb","itemListElement":[{"@type":"ListItem","position":1,"name":"Portada","item":"https:\/\/www.xecball.es\/"},{"@type":"ListItem","position":2,"name":"Llibres"}]},{"@type":"WebSite","@id":"https:\/\/www.xecball.es\/#website","url":"https:\/\/www.xecball.es\/","name":"xecball","description":"Xecball es innovador deporte que combina la estrategia del ajedrez con la actividad f\u00edsica.","publisher":{"@id":"https:\/\/www.xecball.es\/#organization"},"potentialAction":[{"@type":"SearchAction","target":{"@type":"EntryPoint","urlTemplate":"https:\/\/www.xecball.es\/?s={search_term_string}"},"query-input":{"@type":"PropertyValueSpecification","valueRequired":true,"valueName":"search_term_string"}}],"inLanguage":"es"},{"@type":"Organization","@id":"https:\/\/www.xecball.es\/#organization","name":"xecball","url":"https:\/\/www.xecball.es\/","logo":{"@type":"ImageObject","inLanguage":"es","@id":"https:\/\/www.xecball.es\/#\/schema\/logo\/image\/","url":"https:\/\/www.xecball.es\/wp-content\/uploads\/2024\/07\/cropped-Logotipo-Xecball.png","contentUrl":"https:\/\/www.xecball.es\/wp-content\/uploads\/2024\/07\/cropped-Logotipo-Xecball.png","width":92,"height":80,"caption":"xecball"},"image":{"@id":"https:\/\/www.xecball.es\/#\/schema\/logo\/image\/"}}]}},"_links":{"self":[{"href":"https:\/\/www.xecball.es\/index.php\/wp-json\/wp\/v2\/pages\/20672","targetHints":{"allow":["GET"]}}],"collection":[{"href":"https:\/\/www.xecball.es\/index.php\/wp-json\/wp\/v2\/pages"}],"about":[{"href":"https:\/\/www.xecball.es\/index.php\/wp-json\/wp\/v2\/types\/page"}],"author":[{"embeddable":true,"href":"https:\/\/www.xecball.es\/index.php\/wp-json\/wp\/v2\/users\/1"}],"replies":[{"embeddable":true,"href":"https:\/\/www.xecball.es\/index.php\/wp-json\/wp\/v2\/comments?post=20672"}],"version-history":[{"count":10,"href":"https:\/\/www.xecball.es\/index.php\/wp-json\/wp\/v2\/pages\/20672\/revisions"}],"predecessor-version":[{"id":20830,"href":"https:\/\/www.xecball.es\/index.php\/wp-json\/wp\/v2\/pages\/20672\/revisions\/20830"}],"wp:attachment":[{"href":"https:\/\/www.xecball.es\/index.php\/wp-json\/wp\/v2\/media?parent=20672"}],"curies":[{"name":"wp","href":"https:\/\/api.w.org\/{rel}","templated":true}]}}